{"id":20,"date":"2018-06-21T16:59:20","date_gmt":"2018-06-21T16:59:20","guid":{"rendered":"http:\/\/tanklager-farge.de\/?page_id=20"},"modified":"2026-05-11T06:24:10","modified_gmt":"2026-05-11T06:24:10","slug":"aktuelles","status":"publish","type":"page","link":"https:\/\/tanklager-farge.de\/?page_id=20","title":{"rendered":"Aktuelles"},"content":{"rendered":"\n<p><strong>11.05.2026 &#8211; Wichtige Information zur Umweltkatastrophe im Bereich des Tanklagers in Bremen- Farge<\/strong><br>Die Gesundheitsgef\u00e4hrdung f\u00fcr Menschen und Tiere ist akut und real. Insbesondere bei der Nutzung von Gartenbrunnen in den betroffenen Wohngebieten besteht eine unmittelbare Gefahr durch belastetes Grundwasser.<\/p>\n\n\n\n<p>Besonders alarmierend ist die fortschreitende Ausbreitung der Schadstoffe innerhalb des gr\u00f6\u00dften Bremer Wasserschutzgebietes. Die Problematik ist seit 2007 bekannt \u2013 dennoch bleiben die bislang ergriffenen Sanierungs-Ma\u00dfnahmen deutlich hinter dem Notwendigen zur\u00fcck. Der anhaltende Schadstoffabstrom gef\u00e4hrdet zunehmend die Versorgung der Bremer Bev\u00f6lkerung mit sauberem Trinkwasser. Ein solcher Zustand ist in einem Land mit den h\u00f6chsten Umweltstandards nicht hinnehmbar.<\/p>\n\n\n\n<p>Aktuelle Gutachten zeigen, dass sich die Schadstofffahne dem ergiebigsten Bremer Grundwasserf\u00f6rderbrunnen BR 16 (Am Striekenkamp) bis auf rund 600 Meter angen\u00e4hert hat. Die dort nachgewiesenen krebserregenden Schadstoffe stellen eine konkrete Bedrohung dar. Jede weitere Verz\u00f6gerung wirksamer Sanierungsma\u00dfnahmen kann die Trinkwasserversorgung f\u00fcr zehntausende Menschen in Gefahr bringen.<\/p>\n\n\n\n<p>Erschreckend ist, dass neu entdeckte Schadstoffquellen nicht konsequent saniert werden.<\/p>\n\n\n\n<p>Es ist festzustellen, dass seit \u00fcber 20 Jahre gravierende Umweltsch\u00e4den bis heute nicht oder nur unvollst\u00e4ndig beseitigt werden. Dieser Umgang mit einer derart schwerwiegenden Umweltbelastung ist nicht akzeptabel.<\/p>\n\n\n\n<p>Wir haben die Bremer Bundestagsabgeordneten bereits \u00fcber die Dringlichkeit der Lage informiert [<a href=\"https:\/\/tanklager-farge.de\/wp-content\/uploads\/2026\/05\/Memorandum-Sanierung-Schadstoffeintrag-Tanklager-Farge.pdf\" data-type=\"attachment\" data-id=\"903\" target=\"_blank\" rel=\"noreferrer noopener\">LINK zum Memorandum<\/a>] und fordern mit Nachdruck:<\/p>\n\n\n\n<p>\u2022 Der Bund muss seiner Verantwortung gerecht werden.<br>\u2022 Die vollst\u00e4ndige und nachhaltige Sanierung aller Schadensquellen und Folgesch\u00e4den ist unverz\u00fcglich einzuleiten.<br>\u2022 Die erforderlichen finanziellen Mittel sind umgehend bereitzustellen.<br>\u2022 Weitere Verz\u00f6gerungen sind unverantwortlich \u2013 gegen\u00fcber der heutigen Bev\u00f6lkerung ebenso wie gegen\u00fcber kommenden Generationen.<\/p>\n\n\n\n<p>Wir appellieren eindringlich an die politischen Entscheidungstr\u00e4ger auf Bundes- und Landesebene: Handeln Sie jetzt. Es geht um die Sicherung der \u00f6ffentlichen Daseinsvorsorge, den Schutz der Gesundheit und die Verantwortung gegen\u00fcber den B\u00fcrgerinnen und B\u00fcrgern.<\/p>\n\n\n\n<p>Wir erwarten eine z\u00fcgige, verbindliche Zusammenarbeit, die schnelle Umsetzung wirksamer Ma\u00dfnahmen sowie die gesicherte Bereitstellung aller notwendigen finanziellen Mittel.<\/p>\n\n\n\n<p>Das ehemalige Tanklager Farge, errichtet zwischen 1935 und 1941, war einst das gr\u00f6\u00dfte unterirdische Treibstofflager der Welt. Mit einem Fassungsverm\u00f6gen von 312.000 m\u00b3 war es bis zum 31. Mai 2013 in Betrieb. Heute befindet sich das rund 316 Hektar gro\u00dfe Gel\u00e4nde in Bremen-Nord und Schwanewede im R\u00fcckbau. Im Fl\u00e4chennutzungsplan ist es als \u201eSonderfl\u00e4che Bund\u201c ausgewiesen \u2013 und steht heute sinnbildlich f\u00fcr eine der gravierendsten Umweltkatastrophen im Bereich des Grundwasserschutzes in Norddeutschland.<\/p>\n\n\n\n<p>Auf dem Gel\u00e4nde des ehemaligen Verladebahnhofs II wurden massive Boden- und Grundwasserkontaminationen festgestellt. Hochtoxische, auf dem Grundwasser schwimmende Treibstoffe mit einer M\u00e4chtigkeit von \u00fcber einem Meter sowie Schadstoffe wie BTEX, MKW, MTBE und PAK belasten Boden und Grundwasser in erheblichem Ausma\u00df.&nbsp;<\/p>\n\n\n\n<p>Die Giftstoffe werden \u00fcber das Grundwasser kilometerweit transportiert und gelangen somit unter die angrenzenden Wohngebiete und flie\u00dfen schlussendlich zur Weser.<\/p>\n\n\n\n<p><strong>02.07.2025 &#8211; \u00f6ffentliche Informationsveranstaltung<\/strong><br>Am Mittwoch, den 2. Juli 2025, um 19.00 Uhr, l\u00e4dt unser Verein zu einer weiteren Informationsveranstaltung \u00fcber die Grundwasserverseuchung ausgehend vom Tanklager Farge in die R\u00e4umlichkeiten der Farger Kirchengemeinde (Farger Stra\u00dfe 19) ein.<br>Wir organisieren f\u00fcr Sie die Grundwasseruntersuchungen Ihrer privaten Gartenbrunnen und stehen an diesem Tag f\u00fcr eine individuelle Beratung zur Verf\u00fcgung.<br>Interessierte k\u00f6nnen sich vor Ort oder per E-Mail unter&nbsp;<a href=\"mailto:info@tanklagerfarge.de\">info@tanklagerfarge.de<\/a>&nbsp;melden, sich informieren und den Auftrag f\u00fcr die Untersuchung ihres Brunnenwassers abgeben.<br>Nach Auftragsvergabe werden in Zusammenarbeit mit einem unabh\u00e4ngigen Labor die Proben fachgerecht entnommen. Anschlie\u00dfend erfolgt eine zertifizierte Untersuchung, bei der insbesondere auf BTEX-Verbindungen (wie Benzol), PAK-Verbindungen und MTBE gepr\u00fcft wird.<\/p>\n\n\n\n<p class=\"has-medium-pink-color has-text-color has-link-color wp-elements-2bd5671fcbb5d7062259ff33792d75cd\">&#8212;&gt; Dieses Angebot des Vereines gilt bis zum 09. Juli 2025<\/p>\n\n\n\n<p><strong>21.02.2024 &#8211; Gartenbrunnen \/ Wasseranalyse<\/strong><br>Wer hat einen Gartenbrunnen im Bereich <strong>Hechelstra\u00dfe \/ Turnerstra\u00dfe<\/strong>? Wir w\u00fcrden gerne das Brunnenwasser testen lassen um zu wissen, ob in dem Gebiet schon die Schadstofffahne angekommen ist. <br>Interessenten k\u00f6nnen Kontakt \u00fcber <a href=\"mailto:info@tanklagerfarge.de\">info@tanklagerfarge.de<\/a> mit uns aufnehmen. Vielen Dank f\u00fcr die Mithilfe.<\/p>\n\n\n<p><strong>B\u00fcrgerantrag Informationsbegehren Aschedeponie Farge<br \/>\n<\/strong>Unser B\u00fcrgerantrag vom 09.07.2022 als PDF-Datei: [<a href=\"https:\/\/tanklager-farge.de\/wp-content\/uploads\/2023\/05\/2022.07.09-Buergerantrag-Informationsbegehren-Aschedeponie.pdf\" target=\"_blank\" rel=\"noopener\">Link als PDF-Download<\/a>]<br \/>\nDas Antwortschreiben vom 03.05.2023 als PDF-Datei: [<a href=\"https:\/\/tanklager-farge.de\/wp-content\/uploads\/2023\/05\/AW_Ihr_B_rgerantrag_Informationsbegehren_Aschedeponie_Farge_vom_09_07_2022.pdf\" target=\"_blank\" rel=\"noopener\">Link als PDF-Download<\/a>]<\/p>\n<p><strong>Podiumsdiskussion zum Thema Tanklager Farge<\/strong><br \/>\nAm 27. September 2022 findet um 19 Uhr unsere \u00f6ffentliche B\u00fcrgerversammlung in der Farger Kirche statt. Hochrangige G\u00e4ste werden erwartet, die \u00fcber das Thema &#8222;Sanierung der Schadstofffahnen&#8220; gemeinsam mit Ihnen diskutieren m\u00f6chten.<br \/>\nSeien Sie unsere G\u00e4ste und informieren sich vor Ort.<br \/>\n[<a href=\"https:\/\/tanklager-farge.de\/wp-content\/uploads\/2022\/09\/Flyer-Buergerversammlung-27-September-2022-V4_0.pdf\" target=\"_blank\" rel=\"noopener\">Link zur Einladung als PDF-Download<\/a>]<\/p>\n<p><strong>Arbeitskreis Tanklager Farge<\/strong><br \/>\nAb jetzt findet unser &#8222;Arbeitskreis Tanklager Farge&#8220; immer jeden 4. Dienstag im Monat um 19:00 Uhr in der Farger Kirche (Farger Stra\u00dfe 19) statt!<br \/>\nG\u00e4ste sind herzlich willkommen.<\/p>\n<p><span style=\"font-family: Arial, sans-serif;\"><b>Grundwasserverunreinigungen ausgehend vom Verladebahnhof II des Tanklagers Farge, 15.03.2021<\/b><\/span><\/p>\n<p align=\"JUSTIFY\">Zur Erinnerung: Anfang 2009 wurde eine Grundwasserverunreinigung auf dem Gel\u00e4nde des Tanklagers Farge im Bereich des Verladebahnhofes II (Eylmannstra\u00dfe) untersucht. Erforderliche Sanierungsma\u00dfnahmen sollten im Kontaminationszentrum (Verladebahnhof II) sowie im Grundwasserabstrom ansetzen, um eine effiziente Sanierung in Verbindung mit einer m\u00f6glichst kurzen Sanierungsdauer zu erreichen. Aus wirtschaftlichen Gr\u00fcnden wurde bei der Sanierungsplanung der Focus auf die Erhaltung eines betriebsf\u00e4higen Verladebahnhofes gelegt. Dies verhinderte r\u00fcckblickend eine effiziente Sanierung der Schadstoffquelle, die sich bis heute unterhalb der Gleise des Verladebahnhofes II befindet.<br \/>\n2012 ver\u00f6ffentlichte die Bundesanstalt f\u00fcr Immobilienaufgaben Oldenburg ein Verkaufs-Expos\u00e9 f\u00fcr das Tanklager Bremen-Farge, um die Liegenschaft zu ver\u00e4u\u00dfern. Ein Weiterbetrieb des Tanklagers wurde angestrebt. \u201eDie Verkaufsabsichten waren f\u00fcr mich nicht nachvollziehbar. Diese Nachricht hat mich schockiert.\u201c, erinnert sich Volker Scholz, Gr\u00fcndungsmitglied der B\u00fcrgerinitiative Tanklager Farge.<br \/>\nSeit 2013 arbeitet die B\u00fcrgerinitiative Tanklager Farge an einer umfassenden Aufkl\u00e4rung des technischen Ist-Zustands des Tanklagers sowie der beh\u00f6rdlichen Vorgehensweise bei der Sanierung von Boden und Grundwasser. Die Forderung der B\u00fcrgerinitiative, das Tanklager nicht zu verkaufen, sondern konsequent einen R\u00fcckbau voranzutreiben, wurde damals politisch aufgenommen. Diverse Gespr\u00e4che und Diskussionen fanden in unterschiedlichsten Gremien statt. Durch die umfassende Aufkl\u00e4rungsarbeit der B\u00fcrgerinitiative Tanklager Farge, wurden seitens des Ortsbeirates Blumenthal sowie durch die Bremer B\u00fcrgerschaft entsprechende Beschl\u00fcsse gefasst, das Tanklager Farge stillzulegen. Auch \u00dcberlegungen der L\u00e4nderverwaltung Niedersachsens, ob ein privatwirtschaftlicher Betrieb jemals einen R\u00fcckbau gew\u00e4hrleisten k\u00f6nnte, stellten das Verkaufsvorhaben in Frage.<br \/>\n2015 zeigte das Bundeswehr-Dienstleistungszentrum Oldenburg dann endlich die beabsichtigte Betriebseinstellung sowie den geplanten R\u00fcckbau des Tanklagers Farge bei den zust\u00e4ndigen Gewerbeaufsichts\u00e4mtern Bremen und Cuxhaven an. Seither wird der R\u00fcckbau sichtbar vorangetrieben.<br \/>\nKirsten Valentin, ebenfalls Gr\u00fcndungsmitglied B\u00fcrgerinitiativer Tanklager Farge, zieht Zwischenbilanz:<br \/>\n\u201eIch bin froh \u00fcber diese Ma\u00dfnahmen. Das Tanklager in direkter Nachbarschaft hatte mir immer Sorgen bereitet.\u201c<br \/>\nJ\u00e4hrlichen Sachstandsberichten \u00fcber die Sanierungsergebnisse im Bereich des Verladebahnhofs kann entnommen werden, dass das derzeit angewendete Sanierungsverfahren nicht geeignet ist, einen Abfluss der Schadstoffe in das Grundwasser auf lange Sicht umfassend zu verhindern. Bis heute bem\u00e4ngelt die B\u00fcrgerinitiative Tanklager Farge das angewendete Sanierungsverfahren und fordert eine Optimierung der Sanierungsstrategie, denn eine Verbesserung der Wasserqualit\u00e4t ist nicht zu erkennen.<br \/>\nDie Ausbreitung der Giftstoffe im Grundwasser erstreckt sich mittlerweile \u00fcber eine Strecke von 1.200 Meter bis zum Weserufer und ist weniger als 950 Meter vom Trinkwasserbrunnen Am Striekenkamp entfernt. Aus ihm werden erhebliche Mengen zur Trinkwasserversorgung entnommen.<br \/>\nIn konstruktiven Gespr\u00e4chskreisen zwischen der B\u00fcrgerinitiative Tanklager Farge, Beh\u00f6rdentr\u00e4gern und Verantwortlichen der Bundesanstalt f\u00fcr Immobilienaufgaben Berlin wurde intensiv fachlich diskutiert.<br \/>\nDaraus resultierte ein bereits durchgef\u00fchrter Planungswettbewerb \u00fcber neue und besser geeignete Sanierungsverfahren im Bereich des Verladebahnhofes II.<br \/>\nAm 01.09.2020 hat die Bundesanstalt f\u00fcr Immobilienaufgaben Berlin die Ergebnisse dieses Planungswettbewerbes zur Sanierungsuntersuchung am Verladebahnhof II des Tanklagers BremenFarge der \u00d6ffentlichkeit, vorgestellt. Die Entscheidung fiel auf den Vorschlag einer gr\u00fcndlichen Quellensanierung durch Bodenaushub und Bodenaustausch innerhalb von Spundwandk\u00e4sten, bis zu einer Tiefe von ca. 16 m. Freigelegte mobile Leicht\u00f6lphasen werden dabei abgesch\u00f6pft. Die zu behandelnde Fl\u00e4che betr\u00e4gt ca. 6.000 m\u00b2 und befindet sich ausschlie\u00dflich auf dem Gel\u00e4nde des Tanklagers Farge.<br \/>\nDie B\u00fcrgerinitiative Tanklager Farge dr\u00e4ngt weiterhin auf eine Sanierung, sowohl der \u00fcberwiegend benzolhaltigen BTEX-kontaminierten Schadstofffahne, die sich bis zur Weser erstreckt, als auch der gr\u00f6\u00dftenteils durch MTBE vergifteten Schadstofffahne, die sich in Richtung der Stra\u00dfe \u201eStriekenkamp\u201c bewegt.<br \/>\nNach vollst\u00e4ndiger Sanierung der Schadstoffquelle k\u00f6nnte endlich mit der Dekontamination der Schadstofffahnen begonnen werden. \u201eEntsprechende Voruntersuchungen sollten unverz\u00fcglich beauftragt werden, damit z\u00fcgig ein geeignetes Sanierungs- oder Sicherungsverfahren gefunden werden kann.\u201c, fordert Olaf Rehnisch, 2. Vorsitzender der B\u00fcrgerinitiative Tanklager Farge. \u201eUnter den Nachl\u00e4ssigkeiten und Vers\u00e4umnisse der heutigen Zeit werden die zuk\u00fcnftigen Generationen zu leiden haben! Sauberes Grundwasser ist eine der wichtigsten Lebensgrundlagen, daher sollte es selbstverst\u00e4ndlich sein, alles zu versuchen, um die Giftstoffe zu verringern. Nur so k\u00f6nnen Verunreinigungen unseres Trinkwassers verhindert werden.\u201c, unterstreicht Heidrun P\u00f6rtner, 1. Vorsitzende der B\u00fcrgerinitiative Tanklager Farge.<br \/>\nDie virtuelle Veranstaltung wird mithilfe der Meeting-Software Zoom durchgef\u00fchrt. Am 25.03.2021 kann bereits ab 18.30 Uhr die Verbindung getestet werden. Fachliche Unterst\u00fctzung wurde seitens Herrn Dr. Rainald Brede, Projektleiter der BIMA, und Herrn Georg Karfusehr, welcher die BI Tanklager Farge seit Jahren sachlich begleitet, f\u00fcr diesen Tag zugesagt.<\/p>\n\n\n<p><\/p>\n\n\n\n<p><\/p>\n","protected":false},"excerpt":{"rendered":"<p>11.05.2026 &#8211; Wichtige Information zur Umweltkatastrophe im Bereich des Tanklagers in Bremen- FargeDie Gesundheitsgef\u00e4hrdung f\u00fcr Menschen und Tiere ist akut und real. Insbesondere bei der Nutzung von Gartenbrunnen in den betroffenen Wohngebieten besteht eine unmittelbare Gefahr durch belastetes Grundwasser. Besonders alarmierend ist die fortschreitende Ausbreitung der Schadstoffe innerhalb des gr\u00f6\u00dften Bremer Wasserschutzgebietes. Die Problematik ist &hellip; <a href=\"https:\/\/tanklager-farge.de\/?page_id=20\" class=\"more-link\"><span class=\"screen-reader-text\">Aktuelles<\/span> weiterlesen<\/a><\/p>\n","protected":false},"author":1,"featured_media":0,"parent":0,"menu_order":0,"comment_status":"closed","ping_status":"closed","template":"","meta":{"footnotes":""},"class_list":["post-20","page","type-page","status-publish","hentry"],"_links":{"self":[{"href":"https:\/\/tanklager-farge.de\/index.php?rest_route=\/wp\/v2\/pages\/20","targetHints":{"allow":["GET"]}}],"collection":[{"href":"https:\/\/tanklager-farge.de\/index.php?rest_route=\/wp\/v2\/pages"}],"about":[{"href":"https:\/\/tanklager-farge.de\/index.php?rest_route=\/wp\/v2\/types\/page"}],"author":[{"embeddable":true,"href":"https:\/\/tanklager-farge.de\/index.php?rest_route=\/wp\/v2\/users\/1"}],"replies":[{"embeddable":true,"href":"https:\/\/tanklager-farge.de\/index.php?rest_route=%2Fwp%2Fv2%2Fcomments&post=20"}],"version-history":[{"count":31,"href":"https:\/\/tanklager-farge.de\/index.php?rest_route=\/wp\/v2\/pages\/20\/revisions"}],"predecessor-version":[{"id":906,"href":"https:\/\/tanklager-farge.de\/index.php?rest_route=\/wp\/v2\/pages\/20\/revisions\/906"}],"wp:attachment":[{"href":"https:\/\/tanklager-farge.de\/index.php?rest_route=%2Fwp%2Fv2%2Fmedia&parent=20"}],"curies":[{"name":"wp","href":"https:\/\/api.w.org\/{rel}","templated":true}]}}