{"id":248,"date":"2019-04-25T14:56:11","date_gmt":"2019-04-25T14:56:11","guid":{"rendered":"http:\/\/tanklager-farge.de\/?page_id=248"},"modified":"2019-04-25T14:56:11","modified_gmt":"2019-04-25T14:56:11","slug":"pressemitteilung-22-04-2019","status":"publish","type":"page","link":"https:\/\/tanklager-farge.de\/?page_id=248","title":{"rendered":"Pressemitteilung 22.04.2019"},"content":{"rendered":"\n<p><strong>BI Tanklager Farge\ninformiert im Rahmen einer B\u00fcrgerversammlung<\/strong><\/p>\n\n\n\n<p>Der\nSenator f\u00fcr Umwelt Bau und Verkehr hat am 04. M\u00e4rz 2019 an alle betroffenen\nHaushalte eine aktualisierte Information zur Grundwasserbeschaffenheit im\nBereich Bremen Farge\/R\u00f6nnebeck zugestellt. Es wird erneut empfohlen kein\nGrundwasser aus Gartenbrunnen zu nutzen, da es stark durch die Schadstoffe BTEX\nund MTBE verunreinigt ist. <\/p>\n\n\n\n<p>Wie man dem vom Bundesbau\nImmobilien Bremen in Auftrag gegebenen 13. Sachstandsbericht zu entnehmen kann, sind die gemessenen Schadstoffgehalte\nweiterhin extrem hoch. So haben beispielsweise amtliche Grundwasseranalysen im\nBereich Helastra\u00dfe\/Richard-Taylor-Stra\u00dfe Werte zwischen 300 und 1400 Mikrogramm\nBTEX (Benzol, Toluol,\nEthylbenzol, Xylol) pro Liter Grundwasser ergeben. Des Weiteren wurde bereits\n2013 Benzolbelastungen von 1300 Mikrogramm au\u00dferhalb der Liegenschaft gemessen.\nDer zul\u00e4ssige Grenzwert f\u00fcr die Giftstoffgruppe BTEX betr\u00e4gt dagegen 20\nMikrogramm, der f\u00fcr den Einzelstoff Benzol sogar nur 1 Mikrogramm. Insbesondere\nBenzol ist krebserregend und kann unter anderem Leuk\u00e4mie ausl\u00f6sen. Die\nVerunreinigungen durch MTBE (eine <a href=\"https:\/\/de.wikipedia.org\/wiki\/Organische_Chemie\">organisch-chemische<\/a>\n<a href=\"https:\/\/de.wikipedia.org\/wiki\/Chemische_Verbindung\">Verbindung<\/a> aus der <a href=\"https:\/\/de.wikipedia.org\/wiki\/Stoffgruppe\">Stoffgruppe<\/a>\nder <a href=\"https:\/\/de.wikipedia.org\/wiki\/Aliphatische_Kohlenwasserstoffe\">aliphatischen<\/a> <a href=\"https:\/\/de.wikipedia.org\/wiki\/Ether\">Ether<\/a>) betr\u00e4gt im\nn\u00f6rdlichen Bereich der Stra\u00dfe Am Rottpohl zwischen 350 und 1500 Mikrogramm. Die\nGeringf\u00fcgigkeitsschwelle liegt f\u00fcr diese giftige Verbindung bei 15 Mikrogramm. PAK-Verunreinigungen (polyzyklische aromatische Kohlenwasserstoffe)\nsind mittlerweile auf einer Fl\u00e4che von 80 Hektar, ausgehend vom Verladebahnhof\nII bis hin zum Weserufer, nachweisbar. So werden an der Grundwassermessstelle Samlandstra\u00dfe\/Heinrich-Steffens-Stra\u00dfe\nMesswerte von bis zu 15 Mikrogramm zu verzeichnen. Die Geringf\u00fcgigkeitsschwelle\nf\u00fcr diese Stoffgruppe liegt bereits bei 0,2 Mikrogramm. Dieser Grenzwert wurde\nim Bereich der Schadstoffahne stellenweise um das Hundertfache \u00fcberschritten. <\/p>\n\n\n\n<p>Die\nbetroffenen B\u00fcrger fordern bereits seit 2013, die verursachten Gew\u00e4ssersch\u00e4den\nim Abstrom zwischenzeitlich zu sichern und nachhaltig zu sanieren, damit\ndauerhaft eine Gef\u00e4hrdung f\u00fcr den Einzelnen und die Allgemeinheit ausgeschlossen\nwerden kann. \u201eObwohl Grundwasserschutz noch nie so wichtig war wie heute, wird\neine Sicherung und eine Sanierung der sich weiterhin ausbreitenden Schadstoffahne\nnicht nachgekommen. Es ist zu bef\u00fcrchten, dass diese Vers\u00e4umnisse irgendwann\nteuer von Bremer B\u00fcrger bezahlt werden m\u00fcssen.\u201c, sorgt sich Heidrun P\u00f6rtner\nVorsitzende der \u201eB\u00fcrgerinitiative\nTanklager Farge\u201c zum Schutz der Umwelt und Reinhaltung des Grundwassers in\nBremen-Nord und Umgebung. <\/p>\n\n\n\n<p>Der\nAbstand des verunreinigten Grundwassers bis zum n\u00e4chsten Tiefenbrunnen, der vom\nWasserwerk Bremen-Nord f\u00fcr die Bereitstellung von Trinkwasser genutzt wird,\nverringert sich. Das Wasserschutzgebiet in Bremen-Nord wird fortw\u00e4hrend durch weitere\nEmissionen aus den Altlasten des Tanklagers Farge verunreinigt. \u201eDer Schutz\neigener Grundwasserressourcen sollte die h\u00f6chste Priorit\u00e4t seitens der Bremer\nBeh\u00f6rden besitzen.\u201c, fordert Olaf Rehnisch 2. Vorsitzender des Vereines \u201eB\u00fcrgerinitiative\nTanklager Farge\u201c zum Schutz der Umwelt und Reinhaltung des Grundwassers in\nBremen-Nord und Umgebung\nund fragt sich, weshalb seitens der Umweltbeh\u00f6rde keine Sanierung f\u00fcr das kontaminierte\nGrundwasser au\u00dferhalb des Verladebahnhofes II angeordnet wird.<\/p>\n\n\n\n<p>Informieren\nSie sich selbst und besuchen Sie die diesj\u00e4hrige B\u00fcrgerversammlung, in dessen <em>Rahmen Herr Dr. Brede, Projektleiter Bundesanstalt f\u00fcr\nImmobilienaufgaben, \u00fcber den aktuellen Sachstand der Sanierungsvorhaben im\nBereich des Tanklagers Farge informieren wird. Anschlie\u00dfend folgt zum Thema eine\nPodiumsdiskussion zwischen Fachleuten und Vertretern der Bremer B\u00fcrgerschaft.<\/em><\/p>\n\n\n\n<p>Termin B\u00fcrgerversammlung: 07. Mai 2019, um 19.00 Uhr, Veranstaltungsort: Gemeindesaal der Evangelisch-reformierten Kirchengemeinde R\u00f6nnebeck\/Farge, Farger Stra\u00dfe 19 in 28777 Bremen<\/p>\n","protected":false},"excerpt":{"rendered":"<p>BI Tanklager Farge informiert im Rahmen einer B\u00fcrgerversammlung Der Senator f\u00fcr Umwelt Bau und Verkehr hat am 04. M\u00e4rz 2019 an alle betroffenen Haushalte eine aktualisierte Information zur Grundwasserbeschaffenheit im Bereich Bremen Farge\/R\u00f6nnebeck zugestellt. Es wird erneut empfohlen kein Grundwasser aus Gartenbrunnen zu nutzen, da es stark durch die Schadstoffe BTEX und MTBE verunreinigt ist. &hellip; <a href=\"https:\/\/tanklager-farge.de\/?page_id=248\" class=\"more-link\"><span class=\"screen-reader-text\">Pressemitteilung 22.04.2019<\/span> weiterlesen<\/a><\/p>\n","protected":false},"author":1,"featured_media":0,"parent":0,"menu_order":0,"comment_status":"closed","ping_status":"closed","template":"","meta":{"footnotes":""},"class_list":["post-248","page","type-page","status-publish","hentry"],"_links":{"self":[{"href":"https:\/\/tanklager-farge.de\/index.php?rest_route=\/wp\/v2\/pages\/248","targetHints":{"allow":["GET"]}}],"collection":[{"href":"https:\/\/tanklager-farge.de\/index.php?rest_route=\/wp\/v2\/pages"}],"about":[{"href":"https:\/\/tanklager-farge.de\/index.php?rest_route=\/wp\/v2\/types\/page"}],"author":[{"embeddable":true,"href":"https:\/\/tanklager-farge.de\/index.php?rest_route=\/wp\/v2\/users\/1"}],"replies":[{"embeddable":true,"href":"https:\/\/tanklager-farge.de\/index.php?rest_route=%2Fwp%2Fv2%2Fcomments&post=248"}],"version-history":[{"count":1,"href":"https:\/\/tanklager-farge.de\/index.php?rest_route=\/wp\/v2\/pages\/248\/revisions"}],"predecessor-version":[{"id":249,"href":"https:\/\/tanklager-farge.de\/index.php?rest_route=\/wp\/v2\/pages\/248\/revisions\/249"}],"wp:attachment":[{"href":"https:\/\/tanklager-farge.de\/index.php?rest_route=%2Fwp%2Fv2%2Fmedia&parent=248"}],"curies":[{"name":"wp","href":"https:\/\/api.w.org\/{rel}","templated":true}]}}