{"id":31,"date":"2018-09-16T15:56:12","date_gmt":"2018-09-16T15:56:12","guid":{"rendered":"http:\/\/tanklager-farge.de\/?page_id=31"},"modified":"2018-09-19T15:45:18","modified_gmt":"2018-09-19T15:45:18","slug":"aktueller-sachstand-tanklager-farge","status":"publish","type":"page","link":"https:\/\/tanklager-farge.de\/?page_id=31","title":{"rendered":"Aktueller Sachstand &#8211; Tanklager Farge"},"content":{"rendered":"<div class=\"entry-content\">\n<p>26.04.2018\u00a0<strong>Unsere Meinung zur Umnutzung des Tanklagers in Bremen-Frage<\/strong><\/p>\n<p>Nach der letzten Blumenthaler-Beiratssitzung, am 9.04.2018, m\u00f6chten wir, der Verein \u201eB\u00fcrgerinitiative Tanklager Farge\u201c zum Schutz der Umwelt und Reinhaltung des<br \/>\nGrundwassers in Bremen-Nord und Umgebung Farge e. V., unseren Standpunkte zu den aktuellen Themen darstellen.<\/p>\n<p>Das Tanklager Farge ist f\u00fcr die B\u00fcrger und Anwohner von so gro\u00dfer Bedeutung, dass aus diesem Grund ein Tanklager-Ausschuss gegr\u00fcndet wurde. Eine Bearbeitung der Themen in den daf\u00fcr vorgesehenen Gremien sollte auch daf\u00fcr genutzt werden und nicht in einer \u201enormalen\u201c Beiratssitzung behandelt werden. Die daraus resultierenden zeitlichen Probleme, bei den Vortr\u00e4gen und Diskussionen, h\u00e4tten umgangen werden k\u00f6nnen. Weiterhin waren der Umgangston und die Art, wie mit den Besuchern und Beiratsmitgliedern umgegangen wurde, f\u00fcr eine \u00f6ffentliche Beiratssitzung nicht akzeptabel.<\/p>\n<p>Unserer Meinung nach ist die Nutzung der Infrastruktur des Tanklagers als Energiespeicher unrealistisch und nicht zielf\u00fchrend. Die Kosten f\u00fcr die notwendige Machbarkeitsstudie belaufen sich auf einen sechsstelligen Bereich. Der Antrag, diese nicht klar bezifferten Kosten durch den Steuerzahler f\u00fcr das ausf\u00fchrende Ingenieurb\u00fcro Witt Solar zu \u00fcbernehmen, k\u00f6nnen wir nicht nachvollziehen. Der dargestellte Wirkungsgrad dieser Anlage ist nicht sehr hoch und k\u00f6nnte durch die fehlende Isolierung der Tanks und deren Beton-Ummantelung\u00a0 faktisch noch geringer ausfallen. Ein wirtschaftlicher Erfolg ist daher nicht zu erwarten.<\/p>\n<p>Die Frage ist, wo kommt der \u00fcbersch\u00fcssige Strom her und wo soll er hin? Die Zukunft des Kraftwerkes Farge ist endlich \u2013 somit fehlt ein zentraler Bereich des Konzeptes. Ohne Strom macht ein Stromspeicher keinen Sinn.<\/p>\n<p>Unbeachtet bleibt das Umweltrisiko. Zwar wurde versichert, dass die Tanks ausschlie\u00dflich nur mit Wasser gef\u00fcllt werden. Auf den Hinweis eines sachkundigen B\u00fcrgers, es handelt sich um Stahltanks, die durch Wasser korrodieren w\u00fcrden, wurde dieses Argument seitens Herrn Witt mit dem Kommentar abgetan, es sei ein geschlossenes System und somit keine Sauerstoffzufuhr vorhanden, die eine Korrosion hervorrufen k\u00f6nnte. Dies wurde sachlich seitens des kundigen B\u00fcrgers, welcher die Tankanlagen aus beruflicher Erfahrung kennt, berichtigt. Er stellte dar, dass das Bef\u00fcllen dieser Tanks nur mit Hilfe von L\u00fcftungsvorg\u00e4ngen m\u00f6glich sei. Danach wurde von Herrn Witt einger\u00e4umt, dass Korrosionsschutz beigemischt werden m\u00fcsste. Dies war einer von vielen nicht vertrauenserweckenden Darstelllungen im Referat der Witt Solar. Daher bedauern wir die Zustimmung einer Machbarkeitsstudie seitens der SPD und Gr\u00fcnen.<\/p>\n<p>Des Weiteren sind wir, die \u201eB\u00fcrgerinitiative Tanklager Farge\u201c zum Schutz der Umwelt und Reinhaltung des Grundwassers in Bremen-Nord und Umgebung Farge e. V. gegen den bereits mehrmals vorgelegten Antrag der SPD \u00fcber die Umnutzung des ehemaligen Tanklagers als Produktionsst\u00e4tte f\u00fcr Lithium-Ionen-Zellen.<\/p>\n<p>Durch den enormen Fl\u00e4chenverbrauch f\u00fcr eine derartige Fabrik m\u00fcssten gro\u00dfe Fl\u00e4chen des bestehenden Waldgebietes gerodet werden. Da das Gebiet auf der Bremer Seite fast ausschlie\u00dflich als Naturschutzgebiet, Wasserschutzgebiet und Landschaftsschutzgebiet ausgewiesen ist, sehen wir keine realistische Chance f\u00fcr eine Fabrik in dieser Gr\u00f6\u00dfenordnung. Wir richten uns ohne Kompromisse gegen eine Lithium-Ionen-Fabrik in Bremen-Nord, da die Gefahren f\u00fcr die Umwelt unkalkulierbar sind und es f\u00fcr uns keinen Sinn macht, nachdem das eine Umweltrisiko \u201eTanklager Farge\u201c minimiert wurde, das n\u00e4chste Umwelt-Risiko wie beispielsweise einer sogenannten \u201eLithium-Ionen Fabrik\u201c nach Bremen-Nord zu holen.<\/p>\n<p>Da sich auf dem Gebiet der Liegenschaft Tanklager Farge ein sch\u00fctzenswertesWaldgebiet befindet, w\u00fcrde sich dieseLandschaft sehr gut als Naherholungsgebiet f\u00fcr die B\u00fcrgerinnen und B\u00fcrger in Bremen-Nord anbieten. Zudem ist eine Erweiterung der Nationalen Mahnst\u00e4dte \u201eBunker Valentin\u201czu einer Mahnregion unter Einbeziehung der Lagerstra\u00dfe bis hin zur Baracke Wilhelmine eine unterst\u00fctzungsw\u00fcrdige Projektidee.<\/p>\n<p>Grunds\u00e4tzlich sollten sich Flora und Fauna erholen und als gr\u00fcne Lunge fungieren. Einer Zerst\u00f6rung des Waldes treten wir entschieden entgegen. Die Region des Naturschutzgebietes muss zug\u00e4nglich f\u00fcr Naturkunde und Studium, insbesondere f\u00fcr die angrenzenden Schulzentren sein. Es wird Zeit, f\u00fcr zuk\u00fcnftige Ideen \u00fcber Erholung, Freizeit, Kultur, stille Gewerbe, Bauen und Wohnen. Ein \u00f6ffentliches Forum in Zusammenarbeit mit der Gemeinde Schwanewede sollte organisiert werden. Eine Nachnutzung darf auf keinen Fall zu einer weiteren Belastung der Luft, des Bodens und des Grundwassers in diesem Gebiet f\u00fchren.<\/p>\n<\/div>\n","protected":false},"excerpt":{"rendered":"<p>26.04.2018\u00a0Unsere Meinung zur Umnutzung des Tanklagers in Bremen-Frage Nach der letzten Blumenthaler-Beiratssitzung, am 9.04.2018, m\u00f6chten wir, der Verein \u201eB\u00fcrgerinitiative Tanklager Farge\u201c zum Schutz der Umwelt und Reinhaltung des Grundwassers in Bremen-Nord und Umgebung Farge e. V., unseren Standpunkte zu den aktuellen Themen darstellen. Das Tanklager Farge ist f\u00fcr die B\u00fcrger und Anwohner von so gro\u00dfer &hellip; <a href=\"https:\/\/tanklager-farge.de\/?page_id=31\" class=\"more-link\"><span class=\"screen-reader-text\">Aktueller Sachstand &#8211; Tanklager Farge<\/span> weiterlesen<\/a><\/p>\n","protected":false},"author":1,"featured_media":0,"parent":0,"menu_order":0,"comment_status":"closed","ping_status":"closed","template":"","meta":{"footnotes":""},"class_list":["post-31","page","type-page","status-publish","hentry"],"_links":{"self":[{"href":"https:\/\/tanklager-farge.de\/index.php?rest_route=\/wp\/v2\/pages\/31","targetHints":{"allow":["GET"]}}],"collection":[{"href":"https:\/\/tanklager-farge.de\/index.php?rest_route=\/wp\/v2\/pages"}],"about":[{"href":"https:\/\/tanklager-farge.de\/index.php?rest_route=\/wp\/v2\/types\/page"}],"author":[{"embeddable":true,"href":"https:\/\/tanklager-farge.de\/index.php?rest_route=\/wp\/v2\/users\/1"}],"replies":[{"embeddable":true,"href":"https:\/\/tanklager-farge.de\/index.php?rest_route=%2Fwp%2Fv2%2Fcomments&post=31"}],"version-history":[{"count":1,"href":"https:\/\/tanklager-farge.de\/index.php?rest_route=\/wp\/v2\/pages\/31\/revisions"}],"predecessor-version":[{"id":32,"href":"https:\/\/tanklager-farge.de\/index.php?rest_route=\/wp\/v2\/pages\/31\/revisions\/32"}],"wp:attachment":[{"href":"https:\/\/tanklager-farge.de\/index.php?rest_route=%2Fwp%2Fv2%2Fmedia&parent=31"}],"curies":[{"name":"wp","href":"https:\/\/api.w.org\/{rel}","templated":true}]}}