{"id":648,"date":"2024-01-03T09:55:10","date_gmt":"2024-01-03T09:55:10","guid":{"rendered":"https:\/\/tanklager-farge.de\/?page_id=648"},"modified":"2025-03-12T15:35:43","modified_gmt":"2025-03-12T15:35:43","slug":"__trashed","status":"publish","type":"page","link":"https:\/\/tanklager-farge.de\/?page_id=648","title":{"rendered":"Infoschilder Tanklager Farge"},"content":{"rendered":"\n<p>Wir planen in der Zukunft die Aufstellung einiger Infoschilder rund um das Tanklager in Farge, um \u00fcber die Besonderheiten und die Geschichte des Tanklagers aufzukl\u00e4ren. Auf jedem Schild befindet sich ein QR-Code, mit dem weitere Informationen aus dem Internet aufgerufen werden k\u00f6nnen. <br>Hier kommen die ersten Entw\u00fcrfe f\u00fcr die Schilder:<\/p>\n\n\n\n<p>Infoschild 0 &#8211; <strong>\u00dcbersicht <\/strong><\/p>\n\n\n\n<p>Infoschild 1 &#8211; <strong>Historisches Tanklager Farge<\/strong> \/ Stromversorgung<\/p>\n\n\n\n<div class=\"wp-block-media-text is-stacked-on-mobile\"><figure class=\"wp-block-media-text__media\"><a href=\"https:\/\/tanklager-farge.de\/wp-content\/uploads\/2025\/02\/1_Historisches-Tanklager-scaled.jpg\"><img loading=\"lazy\" decoding=\"async\" width=\"1024\" height=\"724\" src=\"https:\/\/tanklager-farge.de\/wp-content\/uploads\/2025\/02\/1_Historisches-Tanklager-1024x724.jpg\" alt=\"\" class=\"wp-image-773 size-full\" srcset=\"https:\/\/tanklager-farge.de\/wp-content\/uploads\/2025\/02\/1_Historisches-Tanklager-1024x724.jpg 1024w, https:\/\/tanklager-farge.de\/wp-content\/uploads\/2025\/02\/1_Historisches-Tanklager-300x212.jpg 300w, https:\/\/tanklager-farge.de\/wp-content\/uploads\/2025\/02\/1_Historisches-Tanklager-768x543.jpg 768w, https:\/\/tanklager-farge.de\/wp-content\/uploads\/2025\/02\/1_Historisches-Tanklager-1536x1086.jpg 1536w, https:\/\/tanklager-farge.de\/wp-content\/uploads\/2025\/02\/1_Historisches-Tanklager-2048x1448.jpg 2048w\" sizes=\"auto, (max-width: 1024px) 100vw, 1024px\" \/><\/a><\/figure><div class=\"wp-block-media-text__content\">\n<p>Technische Informationen \u00fcber die Stromversorgung im Tanklager<\/p>\n<\/div><\/div>\n\n\n\n<p>Infoschild 2 &#8211; <strong>Technik im Tanklager<\/strong><\/p>\n\n\n\n<div class=\"wp-block-media-text is-stacked-on-mobile\"><figure class=\"wp-block-media-text__media\"><a href=\"https:\/\/tanklager-farge.de\/wp-content\/uploads\/2024\/01\/2_Technik_Tanklager-scaled.jpg\" target=\"_blank\" rel=\"noreferrer noopener\"><img loading=\"lazy\" decoding=\"async\" width=\"1024\" height=\"724\" src=\"https:\/\/tanklager-farge.de\/wp-content\/uploads\/2024\/01\/2_Technik_Tanklager-1024x724.jpg\" alt=\"\" class=\"wp-image-646 size-full\" srcset=\"https:\/\/tanklager-farge.de\/wp-content\/uploads\/2024\/01\/2_Technik_Tanklager-1024x724.jpg 1024w, https:\/\/tanklager-farge.de\/wp-content\/uploads\/2024\/01\/2_Technik_Tanklager-300x212.jpg 300w, https:\/\/tanklager-farge.de\/wp-content\/uploads\/2024\/01\/2_Technik_Tanklager-768x543.jpg 768w, https:\/\/tanklager-farge.de\/wp-content\/uploads\/2024\/01\/2_Technik_Tanklager-1536x1086.jpg 1536w, https:\/\/tanklager-farge.de\/wp-content\/uploads\/2024\/01\/2_Technik_Tanklager-2048x1448.jpg 2048w\" sizes=\"auto, (max-width: 1024px) 100vw, 1024px\" \/><\/a><\/figure><div class=\"wp-block-media-text__content\">\n<p class=\"has-small-font-size\">Auf diesem Schild werden technische Informationen \u00fcber das Tanklager in Farge dargestellt.<\/p>\n<\/div><\/div>\n\n\n\n<p>Infoschild 3 &#8211; <strong>Gefahr f\u00fcr die Umwelt<\/strong><\/p>\n\n\n\n<div class=\"wp-block-media-text is-stacked-on-mobile\"><figure class=\"wp-block-media-text__media\"><a href=\"https:\/\/tanklager-farge.de\/wp-content\/uploads\/2025\/02\/3_Gefahr-fuer-die-Umwelt-scaled.jpg\"><img loading=\"lazy\" decoding=\"async\" width=\"1024\" height=\"724\" src=\"https:\/\/tanklager-farge.de\/wp-content\/uploads\/2025\/02\/3_Gefahr-fuer-die-Umwelt-1024x724.jpg\" alt=\"\" class=\"wp-image-769 size-full\" srcset=\"https:\/\/tanklager-farge.de\/wp-content\/uploads\/2025\/02\/3_Gefahr-fuer-die-Umwelt-1024x724.jpg 1024w, https:\/\/tanklager-farge.de\/wp-content\/uploads\/2025\/02\/3_Gefahr-fuer-die-Umwelt-300x212.jpg 300w, https:\/\/tanklager-farge.de\/wp-content\/uploads\/2025\/02\/3_Gefahr-fuer-die-Umwelt-768x543.jpg 768w, https:\/\/tanklager-farge.de\/wp-content\/uploads\/2025\/02\/3_Gefahr-fuer-die-Umwelt-1536x1086.jpg 1536w, https:\/\/tanklager-farge.de\/wp-content\/uploads\/2025\/02\/3_Gefahr-fuer-die-Umwelt-2048x1448.jpg 2048w\" sizes=\"auto, (max-width: 1024px) 100vw, 1024px\" \/><\/a><\/figure><div class=\"wp-block-media-text__content\">\n<p>Auf diesem Schild wird auf die Giftstoffe und die Gefahr f\u00fcr die Umwelt hingewiesen.<\/p>\n<\/div><\/div>\n\n\n\n<p>Infoschild 4 &#8211; <strong>Tanklager heute<\/strong><\/p>\n\n\n\n<p>Infoschild 5 &#8211; <strong>Daten und Fakten<\/strong><\/p>\n\n\n\n<div class=\"wp-block-media-text is-stacked-on-mobile\"><figure class=\"wp-block-media-text__media\"><a href=\"https:\/\/tanklager-farge.de\/wp-content\/uploads\/2025\/02\/5_Daten_Fakten_Schild_Tankl-scaled.jpg\" target=\"_blank\" rel=\"noreferrer noopener\"><img loading=\"lazy\" decoding=\"async\" width=\"1024\" height=\"724\" src=\"https:\/\/tanklager-farge.de\/wp-content\/uploads\/2025\/02\/5_Daten_Fakten_Schild_Tankl-1024x724.jpg\" alt=\"\" class=\"wp-image-766 size-full\" srcset=\"https:\/\/tanklager-farge.de\/wp-content\/uploads\/2025\/02\/5_Daten_Fakten_Schild_Tankl-1024x724.jpg 1024w, https:\/\/tanklager-farge.de\/wp-content\/uploads\/2025\/02\/5_Daten_Fakten_Schild_Tankl-300x212.jpg 300w, https:\/\/tanklager-farge.de\/wp-content\/uploads\/2025\/02\/5_Daten_Fakten_Schild_Tankl-768x543.jpg 768w, https:\/\/tanklager-farge.de\/wp-content\/uploads\/2025\/02\/5_Daten_Fakten_Schild_Tankl-1536x1086.jpg 1536w, https:\/\/tanklager-farge.de\/wp-content\/uploads\/2025\/02\/5_Daten_Fakten_Schild_Tankl-2048x1448.jpg 2048w\" sizes=\"auto, (max-width: 1024px) 100vw, 1024px\" \/><\/a><\/figure><div class=\"wp-block-media-text__content\">\n<p class=\"has-small-font-size\">Auf diesem Schild werden die gewaltigen Dimensionen des Tanklagers dargestellt.<\/p>\n<\/div><\/div>\n\n\n\n<p>Infoschild 6 &#8211; <strong>Der Verladehafen<\/strong><\/p>\n\n\n\n<div class=\"wp-block-media-text is-stacked-on-mobile\"><figure class=\"wp-block-media-text__media\"><a href=\"https:\/\/tanklager-farge.de\/wp-content\/uploads\/2024\/06\/6_Verladehafen-scaled.jpg\"><img loading=\"lazy\" decoding=\"async\" width=\"1024\" height=\"724\" src=\"https:\/\/tanklager-farge.de\/wp-content\/uploads\/2024\/06\/6_Verladehafen-1024x724.jpg\" alt=\"\" class=\"wp-image-720 size-full\" srcset=\"https:\/\/tanklager-farge.de\/wp-content\/uploads\/2024\/06\/6_Verladehafen-1024x724.jpg 1024w, https:\/\/tanklager-farge.de\/wp-content\/uploads\/2024\/06\/6_Verladehafen-300x212.jpg 300w, https:\/\/tanklager-farge.de\/wp-content\/uploads\/2024\/06\/6_Verladehafen-768x543.jpg 768w, https:\/\/tanklager-farge.de\/wp-content\/uploads\/2024\/06\/6_Verladehafen-1536x1086.jpg 1536w, https:\/\/tanklager-farge.de\/wp-content\/uploads\/2024\/06\/6_Verladehafen-2048x1448.jpg 2048w\" sizes=\"auto, (max-width: 1024px) 100vw, 1024px\" \/><\/a><\/figure><div class=\"wp-block-media-text__content\">\n<p>Auf diesem Schild wird die ehemalige Hafenanlage an der Weser dargestellt.<\/p>\n<\/div><\/div>\n\n\n\n<p>Infoschild 7 &#8211; <strong>Flora und Fauna<\/strong><\/p>\n\n\n\n<div class=\"wp-block-media-text is-stacked-on-mobile\"><figure class=\"wp-block-media-text__media\"><a href=\"https:\/\/tanklager-farge.de\/wp-content\/uploads\/2025\/03\/7_Flora_und_Fauna_neu-1-scaled.jpg\"><img loading=\"lazy\" decoding=\"async\" width=\"1024\" height=\"724\" src=\"https:\/\/tanklager-farge.de\/wp-content\/uploads\/2025\/03\/7_Flora_und_Fauna_neu-1-1024x724.jpg\" alt=\"\" class=\"wp-image-789 size-full\" srcset=\"https:\/\/tanklager-farge.de\/wp-content\/uploads\/2025\/03\/7_Flora_und_Fauna_neu-1-1024x724.jpg 1024w, https:\/\/tanklager-farge.de\/wp-content\/uploads\/2025\/03\/7_Flora_und_Fauna_neu-1-300x212.jpg 300w, https:\/\/tanklager-farge.de\/wp-content\/uploads\/2025\/03\/7_Flora_und_Fauna_neu-1-768x543.jpg 768w, https:\/\/tanklager-farge.de\/wp-content\/uploads\/2025\/03\/7_Flora_und_Fauna_neu-1-1536x1086.jpg 1536w, https:\/\/tanklager-farge.de\/wp-content\/uploads\/2025\/03\/7_Flora_und_Fauna_neu-1-2048x1448.jpg 2048w\" sizes=\"auto, (max-width: 1024px) 100vw, 1024px\" \/><\/a><\/figure><div class=\"wp-block-media-text__content\">\n<p>Auf diesem Schild werden die besonderen Tiere und Pflanzen dargestellt.<\/p>\n<\/div><\/div>\n\n\n\n<p><\/p>\n","protected":false},"excerpt":{"rendered":"<p>Wir planen in der Zukunft die Aufstellung einiger Infoschilder rund um das Tanklager in Farge, um \u00fcber die Besonderheiten und die Geschichte des Tanklagers aufzukl\u00e4ren. Auf jedem Schild befindet sich ein QR-Code, mit dem weitere Informationen aus dem Internet aufgerufen werden k\u00f6nnen. Hier kommen die ersten Entw\u00fcrfe f\u00fcr die Schilder: Infoschild 0 &#8211; \u00dcbersicht Infoschild &hellip; <a href=\"https:\/\/tanklager-farge.de\/?page_id=648\" class=\"more-link\"><span class=\"screen-reader-text\">Infoschilder Tanklager Farge<\/span> weiterlesen<\/a><\/p>\n","protected":false},"author":1,"featured_media":0,"parent":0,"menu_order":0,"comment_status":"closed","ping_status":"closed","template":"","meta":{"footnotes":""},"class_list":["post-648","page","type-page","status-publish","hentry"],"_links":{"self":[{"href":"https:\/\/tanklager-farge.de\/index.php?rest_route=\/wp\/v2\/pages\/648","targetHints":{"allow":["GET"]}}],"collection":[{"href":"https:\/\/tanklager-farge.de\/index.php?rest_route=\/wp\/v2\/pages"}],"about":[{"href":"https:\/\/tanklager-farge.de\/index.php?rest_route=\/wp\/v2\/types\/page"}],"author":[{"embeddable":true,"href":"https:\/\/tanklager-farge.de\/index.php?rest_route=\/wp\/v2\/users\/1"}],"replies":[{"embeddable":true,"href":"https:\/\/tanklager-farge.de\/index.php?rest_route=%2Fwp%2Fv2%2Fcomments&post=648"}],"version-history":[{"count":24,"href":"https:\/\/tanklager-farge.de\/index.php?rest_route=\/wp\/v2\/pages\/648\/revisions"}],"predecessor-version":[{"id":790,"href":"https:\/\/tanklager-farge.de\/index.php?rest_route=\/wp\/v2\/pages\/648\/revisions\/790"}],"wp:attachment":[{"href":"https:\/\/tanklager-farge.de\/index.php?rest_route=%2Fwp%2Fv2%2Fmedia&parent=648"}],"curies":[{"name":"wp","href":"https:\/\/api.w.org\/{rel}","templated":true}]}}

<p>Wir planen in der Zukunft die Aufstellung einiger Infoschilder rund um das Tanklager in Farge, um über die Besonderheiten und die Geschichte des Tanklagers aufzuklären. Auf jedem Schild befindet sich ein QR-Code, mit dem weitere Informationen aus dem Internet aufgerufen werden können. <br>Hier kommen die ersten Entwürfe für die Schilder:</p>



<p>Infoschild 0 &#8211; <strong>Übersicht </strong></p>



<p>Infoschild 1 &#8211; <strong>Historisches Tanklager Farge</strong> / Stromversorgung</p>



<div class="wp-block-media-text is-stacked-on-mobile"><figure class="wp-block-media-text__media"><a href="https://tanklager-farge.de/wp-content/uploads/2025/02/1_Historisches-Tanklager-scaled.jpg"><img loading="lazy" decoding="async" width="1024" height="724" src="https://tanklager-farge.de/wp-content/uploads/2025/02/1_Historisches-Tanklager-1024x724.jpg" alt="" class="wp-image-773 size-full" srcset="https://tanklager-farge.de/wp-content/uploads/2025/02/1_Historisches-Tanklager-1024x724.jpg 1024w, https://tanklager-farge.de/wp-content/uploads/2025/02/1_Historisches-Tanklager-300x212.jpg 300w, https://tanklager-farge.de/wp-content/uploads/2025/02/1_Historisches-Tanklager-768x543.jpg 768w, https://tanklager-farge.de/wp-content/uploads/2025/02/1_Historisches-Tanklager-1536x1086.jpg 1536w, https://tanklager-farge.de/wp-content/uploads/2025/02/1_Historisches-Tanklager-2048x1448.jpg 2048w" sizes="auto, (max-width: 1024px) 100vw, 1024px" /></a></figure><div class="wp-block-media-text__content">
<p>Technische Informationen über die Stromversorgung im Tanklager</p>
</div></div>



<p>Infoschild 2 &#8211; <strong>Technik im Tanklager</strong></p>



<div class="wp-block-media-text is-stacked-on-mobile"><figure class="wp-block-media-text__media"><a href="https://tanklager-farge.de/wp-content/uploads/2024/01/2_Technik_Tanklager-scaled.jpg" target="_blank" rel="noreferrer noopener"><img loading="lazy" decoding="async" width="1024" height="724" src="https://tanklager-farge.de/wp-content/uploads/2024/01/2_Technik_Tanklager-1024x724.jpg" alt="" class="wp-image-646 size-full" srcset="https://tanklager-farge.de/wp-content/uploads/2024/01/2_Technik_Tanklager-1024x724.jpg 1024w, https://tanklager-farge.de/wp-content/uploads/2024/01/2_Technik_Tanklager-300x212.jpg 300w, https://tanklager-farge.de/wp-content/uploads/2024/01/2_Technik_Tanklager-768x543.jpg 768w, https://tanklager-farge.de/wp-content/uploads/2024/01/2_Technik_Tanklager-1536x1086.jpg 1536w, https://tanklager-farge.de/wp-content/uploads/2024/01/2_Technik_Tanklager-2048x1448.jpg 2048w" sizes="auto, (max-width: 1024px) 100vw, 1024px" /></a></figure><div class="wp-block-media-text__content">
<p class="has-small-font-size">Auf diesem Schild werden technische Informationen über das Tanklager in Farge dargestellt.</p>
</div></div>



<p>Infoschild 3 &#8211; <strong>Gefahr für die Umwelt</strong></p>



<div class="wp-block-media-text is-stacked-on-mobile"><figure class="wp-block-media-text__media"><a href="https://tanklager-farge.de/wp-content/uploads/2025/02/3_Gefahr-fuer-die-Umwelt-scaled.jpg"><img loading="lazy" decoding="async" width="1024" height="724" src="https://tanklager-farge.de/wp-content/uploads/2025/02/3_Gefahr-fuer-die-Umwelt-1024x724.jpg" alt="" class="wp-image-769 size-full" srcset="https://tanklager-farge.de/wp-content/uploads/2025/02/3_Gefahr-fuer-die-Umwelt-1024x724.jpg 1024w, https://tanklager-farge.de/wp-content/uploads/2025/02/3_Gefahr-fuer-die-Umwelt-300x212.jpg 300w, https://tanklager-farge.de/wp-content/uploads/2025/02/3_Gefahr-fuer-die-Umwelt-768x543.jpg 768w, https://tanklager-farge.de/wp-content/uploads/2025/02/3_Gefahr-fuer-die-Umwelt-1536x1086.jpg 1536w, https://tanklager-farge.de/wp-content/uploads/2025/02/3_Gefahr-fuer-die-Umwelt-2048x1448.jpg 2048w" sizes="auto, (max-width: 1024px) 100vw, 1024px" /></a></figure><div class="wp-block-media-text__content">
<p>Auf diesem Schild wird auf die Giftstoffe und die Gefahr für die Umwelt hingewiesen.</p>
</div></div>



<p>Infoschild 4 &#8211; <strong>Tanklager heute</strong></p>



<p>Infoschild 5 &#8211; <strong>Daten und Fakten</strong></p>



<div class="wp-block-media-text is-stacked-on-mobile"><figure class="wp-block-media-text__media"><a href="https://tanklager-farge.de/wp-content/uploads/2025/02/5_Daten_Fakten_Schild_Tankl-scaled.jpg" target="_blank" rel="noreferrer noopener"><img loading="lazy" decoding="async" width="1024" height="724" src="https://tanklager-farge.de/wp-content/uploads/2025/02/5_Daten_Fakten_Schild_Tankl-1024x724.jpg" alt="" class="wp-image-766 size-full" srcset="https://tanklager-farge.de/wp-content/uploads/2025/02/5_Daten_Fakten_Schild_Tankl-1024x724.jpg 1024w, https://tanklager-farge.de/wp-content/uploads/2025/02/5_Daten_Fakten_Schild_Tankl-300x212.jpg 300w, https://tanklager-farge.de/wp-content/uploads/2025/02/5_Daten_Fakten_Schild_Tankl-768x543.jpg 768w, https://tanklager-farge.de/wp-content/uploads/2025/02/5_Daten_Fakten_Schild_Tankl-1536x1086.jpg 1536w, https://tanklager-farge.de/wp-content/uploads/2025/02/5_Daten_Fakten_Schild_Tankl-2048x1448.jpg 2048w" sizes="auto, (max-width: 1024px) 100vw, 1024px" /></a></figure><div class="wp-block-media-text__content">
<p class="has-small-font-size">Auf diesem Schild werden die gewaltigen Dimensionen des Tanklagers dargestellt.</p>
</div></div>



<p>Infoschild 6 &#8211; <strong>Der Verladehafen</strong></p>



<div class="wp-block-media-text is-stacked-on-mobile"><figure class="wp-block-media-text__media"><a href="https://tanklager-farge.de/wp-content/uploads/2024/06/6_Verladehafen-scaled.jpg"><img loading="lazy" decoding="async" width="1024" height="724" src="https://tanklager-farge.de/wp-content/uploads/2024/06/6_Verladehafen-1024x724.jpg" alt="" class="wp-image-720 size-full" srcset="https://tanklager-farge.de/wp-content/uploads/2024/06/6_Verladehafen-1024x724.jpg 1024w, https://tanklager-farge.de/wp-content/uploads/2024/06/6_Verladehafen-300x212.jpg 300w, https://tanklager-farge.de/wp-content/uploads/2024/06/6_Verladehafen-768x543.jpg 768w, https://tanklager-farge.de/wp-content/uploads/2024/06/6_Verladehafen-1536x1086.jpg 1536w, https://tanklager-farge.de/wp-content/uploads/2024/06/6_Verladehafen-2048x1448.jpg 2048w" sizes="auto, (max-width: 1024px) 100vw, 1024px" /></a></figure><div class="wp-block-media-text__content">
<p>Auf diesem Schild wird die ehemalige Hafenanlage an der Weser dargestellt.</p>
</div></div>



<p>Infoschild 7 &#8211; <strong>Flora und Fauna</strong></p>



<div class="wp-block-media-text is-stacked-on-mobile"><figure class="wp-block-media-text__media"><a href="https://tanklager-farge.de/wp-content/uploads/2025/03/7_Flora_und_Fauna_neu-1-scaled.jpg"><img loading="lazy" decoding="async" width="1024" height="724" src="https://tanklager-farge.de/wp-content/uploads/2025/03/7_Flora_und_Fauna_neu-1-1024x724.jpg" alt="" class="wp-image-789 size-full" srcset="https://tanklager-farge.de/wp-content/uploads/2025/03/7_Flora_und_Fauna_neu-1-1024x724.jpg 1024w, https://tanklager-farge.de/wp-content/uploads/2025/03/7_Flora_und_Fauna_neu-1-300x212.jpg 300w, https://tanklager-farge.de/wp-content/uploads/2025/03/7_Flora_und_Fauna_neu-1-768x543.jpg 768w, https://tanklager-farge.de/wp-content/uploads/2025/03/7_Flora_und_Fauna_neu-1-1536x1086.jpg 1536w, https://tanklager-farge.de/wp-content/uploads/2025/03/7_Flora_und_Fauna_neu-1-2048x1448.jpg 2048w" sizes="auto, (max-width: 1024px) 100vw, 1024px" /></a></figure><div class="wp-block-media-text__content">
<p>Auf diesem Schild werden die besonderen Tiere und Pflanzen dargestellt.</p>
</div></div>



<p></p>

<p>Wir planen in der Zukunft die Aufstellung einiger Infoschilder rund um das Tanklager in Farge, um über die Besonderheiten und die Geschichte des Tanklagers aufzuklären. Auf jedem Schild befindet sich ein QR-Code, mit dem weitere Informationen aus dem Internet aufgerufen werden können. Hier kommen die ersten Entwürfe für die Schilder: Infoschild 0 &#8211; Übersicht Infoschild &hellip; <a href="https://tanklager-farge.de/?page_id=648" class="more-link"><span class="screen-reader-text">Infoschilder Tanklager Farge</span> weiterlesen</a></p>
