{"id":84,"date":"2018-09-19T16:23:03","date_gmt":"2018-09-19T16:23:03","guid":{"rendered":"http:\/\/tanklager-farge.de\/?page_id=84"},"modified":"2018-11-23T16:13:58","modified_gmt":"2018-11-23T16:13:58","slug":"verein","status":"publish","type":"page","link":"https:\/\/tanklager-farge.de\/?page_id=84","title":{"rendered":"Verein"},"content":{"rendered":"<header class=\"entry-header\">\n<h2 class=\"entry-title\">B\u00dcRGERINITIATIVE<br \/>\nTANKLAGER FARGE\u00a0E.V.<\/h2>\n<\/header>\n<div class=\"entry-content\">\n<h5>BI zur Erhaltung des Wasserschutzgebiets Blumenthal und Aufkl\u00e4rung von Verseuchung von Grund, Wasser und Boden durch das Tanklager Farge e.V.<\/h5>\n<p><strong>Hinweis:<\/strong> der Verein ist anerkannt <strong>gemeinn\u00fctzig<\/strong> und berechtigt f\u00fcr Spenden und Mitgliedsbeitr\u00e4ge Zuwendungsbest\u00e4tigungen nach amtlich vorgeschriebenem Vordruck (\u00a750 Abs. 1 EStDV), auszustellen!<\/p>\n<\/div>\n","protected":false},"excerpt":{"rendered":"<p>B\u00dcRGERINITIATIVE TANKLAGER FARGE\u00a0E.V. BI zur Erhaltung des Wasserschutzgebiets Blumenthal und Aufkl\u00e4rung von Verseuchung von Grund, Wasser und Boden durch das Tanklager Farge e.V. Hinweis: der Verein ist anerkannt gemeinn\u00fctzig und berechtigt f\u00fcr Spenden und Mitgliedsbeitr\u00e4ge Zuwendungsbest\u00e4tigungen nach amtlich vorgeschriebenem Vordruck (\u00a750 Abs. 1 EStDV), auszustellen!<\/p>\n","protected":false},"author":1,"featured_media":0,"parent":0,"menu_order":0,"comment_status":"closed","ping_status":"closed","template":"","meta":{"footnotes":""},"class_list":["post-84","page","type-page","status-publish","hentry"],"_links":{"self":[{"href":"https:\/\/tanklager-farge.de\/index.php?rest_route=\/wp\/v2\/pages\/84","targetHints":{"allow":["GET"]}}],"collection":[{"href":"https:\/\/tanklager-farge.de\/index.php?rest_route=\/wp\/v2\/pages"}],"about":[{"href":"https:\/\/tanklager-farge.de\/index.php?rest_route=\/wp\/v2\/types\/page"}],"author":[{"embeddable":true,"href":"https:\/\/tanklager-farge.de\/index.php?rest_route=\/wp\/v2\/users\/1"}],"replies":[{"embeddable":true,"href":"https:\/\/tanklager-farge.de\/index.php?rest_route=%2Fwp%2Fv2%2Fcomments&post=84"}],"version-history":[{"count":7,"href":"https:\/\/tanklager-farge.de\/index.php?rest_route=\/wp\/v2\/pages\/84\/revisions"}],"predecessor-version":[{"id":115,"href":"https:\/\/tanklager-farge.de\/index.php?rest_route=\/wp\/v2\/pages\/84\/revisions\/115"}],"wp:attachment":[{"href":"https:\/\/tanklager-farge.de\/index.php?rest_route=%2Fwp%2Fv2%2Fmedia&parent=84"}],"curies":[{"name":"wp","href":"https:\/\/api.w.org\/{rel}","templated":true}]}}

<header class="entry-header">
<h2 class="entry-title">BÜRGERINITIATIVE<br />
TANKLAGER FARGE E.V.</h2>
</header>
<div class="entry-content">
<h5>BI zur Erhaltung des Wasserschutzgebiets Blumenthal und Aufklärung von Verseuchung von Grund, Wasser und Boden durch das Tanklager Farge e.V.</h5>
<p><strong>Hinweis:</strong> der Verein ist anerkannt <strong>gemeinnützig</strong> und berechtigt für Spenden und Mitgliedsbeiträge Zuwendungsbestätigungen nach amtlich vorgeschriebenem Vordruck (§50 Abs. 1 EStDV), auszustellen!</p>
</div>

<p>BÜRGERINITIATIVE TANKLAGER FARGE E.V. BI zur Erhaltung des Wasserschutzgebiets Blumenthal und Aufklärung von Verseuchung von Grund, Wasser und Boden durch das Tanklager Farge e.V. Hinweis: der Verein ist anerkannt gemeinnützig und berechtigt für Spenden und Mitgliedsbeiträge Zuwendungsbestätigungen nach amtlich vorgeschriebenem Vordruck (§50 Abs. 1 EStDV), auszustellen!</p>
